e
Is 52 a factor of 676?
True
Is 39104 a multiple of 26?
True
Does 200 divide 13250?
False
Is 40524 a multiple of 22?
True
Is 64 even?
True
Is 60 a factor of 916?
False
Does 69 divide 20907?
True
Is 5296 a multiple of 8?
True
Is 142 a factor of 7199?
False
Is 28 a multiple of 6?
False
Is 16 a factor of 23124?
False
Is 323 a multiple of 19?
True
Is 28479 a multiple of 11?
True
Is 490 a multiple of 3?
False
Is 12 a factor of 201?
False
Is 990 a multiple of 4?
False
Is 25 a factor of 3169?
False
Is 21 a factor of 16737?
True
Is 279 a multiple of 12?
False
Is 39 a factor of 897?
True
Is 17 a factor of 217?
False
Is 136 a factor of 408?
True
Does 117 divide 5001?
False
Does 37 divide 3020?
False
Is 41570 a multiple of 8?
False
Is 528 a multiple of 57?
False
Does 81 divide 4860?
True
Is 21 a factor of 308?
False
Is 83 a factor of 6952?
False
Is 34 a factor of 26102?
False
Is 12 a factor of 412?
False
Does 50 divide 2950?
True
Is 5 a factor of 895?
True
Is 14718 a multiple of 22?
True
Is 13 a factor of 571?
False
Does 9 divide 1026?
True
Is 18369 a multiple of 13?
True
Is 86 a factor of 11610?
True
Does 31 divide 2728?
True
Is 17 a factor of 1163?
False
Is 6300 a multiple of 210?
True
Is 4563 a multiple of 27?
True
Does 12 divide 9300?
True
Is 18 a factor of 144?
True
Is 98 a factor of 8262?
False
Is 17 a factor of 41225?
True
Is 8190 a multiple of 7?
True
Does 7 divide 153?
False
Is 2510 a multiple of 16?
False
Does 3 divide 4941?
True
Is 9 a factor of 704?
False
Is 49 a factor of 3537?
False
Is 45822 a multiple of 88?
False
Is 20 a factor of 18820?
True
Is 8 a factor of 1744?
True
Does 20 divide 1329?
False
Is 4 a factor of 7147?
False
Is 3927 a multiple of 17?
True
Is 5280 a multiple of 44?
True
Is 11 a factor of 1496?
True
Is 14076 a multiple of 153?
True
Does 13 divide 1508?
True
Does 260 divide 4940?
True
Is 248 a multiple of 8?
True
Is 21 a factor of 1997?
False
Is 17460 a multiple of 194?
True
Does 38 divide 3382?
True
Is 121 a factor of 2299?
True
Is 2 a factor of 2827?
False
Is 166 a factor of 48796?
False
Is 10120 a multiple of 46?
True
Does 23 divide 50830?
True
Does 82 divide 30034?
False
Is 90 a factor of 16231?
False
Does 82 divide 20828?
True
Is 1556 a multiple of 16?
False
Is 33 a factor of 1320?
True
Is 7144 a multiple of 47?
True
Is 16 a factor of 1526?
False
Does 21 divide 21725?
False
Does 41 divide 23531?
False
Is 135 a factor of 83041?
False
Does 37 divide 5613?
False
Is 16 a factor of 34304?
True
Is 81 a multiple of 12?
False
Is 2322 a multiple of 191?
False
Is 202 a factor of 104838?
True
Does 11 divide 77638?
True
Does 55 divide 5940?
True
Is 18 a factor of 1008?
True
Is 10680 a multiple of 89?
True
Is 65 a factor of 12090?
True
Is 135 a multiple of 2?
False
Is 47 a factor of 221?
False
Is 63 a factor of 18551?
False
Does 6 divide 1236?
True
Is 41 a factor of 246?
True
Is 15 a factor of 47068?
False
Does 36 divide 2880?
True
Is 510 a multiple of 10?
True
Does 12 divide 2724?
True
Is 4 a factor of 754?
False
Does 29 divide 174?
True
Is 392 a multiple of 33?
False
Does 4 divide 647?
False
Is 17 a factor of 1462?
True
Is 18 a factor of 2181?
False
Is 80 a factor of 77514?
False
Is 46130 a multiple of 70?
True
Does 19 divide 7638?
True
Is 26865 a multiple of 45?
True
Does 42 divide 1718?
False
Is 8 a factor of 29999?
False
Does 160 divide 1920?
True
Does 9 divide 41971?
False
Is 202 a factor of 20711?
False
Does 18 divide 427?
False
Does 248 divide 18666?
False
Is 92 a factor of 8644?
False
Is 2450 a multiple of 3?
False
Is 1120 a multiple of 5?
True
Does 39 divide 390?
True
Does 13 divide 383?
False
Is 40 a factor of 2120?
True
Does 38 divide 1755?
False
Is 16430 a multiple of 155?
True
Is 5 a factor of 314?
False
Does 3 divide 342?
True
Is 612 a multiple of 12?
True
Is 24012 a multiple of 58?
True
Is 29626 a multiple of 21?
False
Is 4381 a multiple of 126?
False
Is 87 a factor of 63833?
False
Is 10 a factor of 7549?
False
Does 11 divide 195?
False
Is 1914 a multiple of 11?
True
Is 67 a factor of 8307?
False
Does 6 divide 828?
True
Does 10 divide 29200?
True
Is 38 a factor of 2014?
True
Is 6360 a multiple of 23?
False
Does 56 divide 1148?
False
Does 114 divide 21457?
False
Is 2055 a multiple of 7?
False
Is 44 a factor of 1012?
True
Is 62 a factor of 37205?
False
Is 960 a multiple of 10?
True
Does 10 divide 1014?
False
Does 21 divide 546?
True
Is 879 a multiple of 98?
False
Is 540 a multiple of 21?
False
Does 5 divide 9750?
True
Is 63 a factor of 3024?
True
Is 1971 a multiple of 35?
False
Does 186 divide 15438?
True
Is 17 a factor of 1292?
True
Is 9 a factor of 82?
False
Is 14 a factor of 50404?
False
Is 4 a factor of 2860?
True
Is 7124 a multiple of 53?
False
Does 185 divide 87131?
False
Is 61 a factor of 5429?
True
Does 13 divide 6334?
False
Is 35 a factor of 20196?
False
Is 33 a factor of 1749?
True
Is 11 a factor of 1060?
False
Does 243 divide 21486?
False
Does 11 divide 14331?
False
Is 21 a factor of 126?
True
Is 27 a multiple of 3?
True
Is 5 a factor of 12101?
False
Is 102 a factor of 1489?
False
Is 156 a multiple of 2?
True
Is 78 a factor of 8346?
True
Is 954 a multiple of 67?
False
Does 38 divide 4479?
False
Does 14 divide 56676?
False
Does 22 divide 41?
False
Is 161 a multiple of 23?
True
Does 4 divide 1508?
True
Does 120 divide 5292?
False
Is 6902 a multiple of 29?
True
Is 720 a multiple of 112?
False
Does 3 divide 69?
True
Is 36 a factor of 13632?
False
Does 72 divide 55446?
False
Does 41 divide 983?
False
Is 179 a factor of 66869?
False
Does 7 divide 1330?
True
Is 56 a factor of 61386?
False
Is 24 a factor of 21936?
True
Is 22229 a multiple of 11?
False
Does 6 divide 805?
False
Is 65518 a multiple of 82?
True
Does 4 divide 7412?
True
Does 67 divide 1340?
True
Does 27 divide 706?
False
Is 1887 a multiple of 37?
True
Is 3174 a multiple of 23?
True
Is 282 a multiple of 47?
True
Is 12851 even?
False
Does 12 divide 408?
True
Does 19 divide 402?
False
Is 396 a multiple of 9?
True
Does 4 divide 1375?
False
Is 21 a factor of 3234?
True
Does 41 divide 545?
False
Is 588 a multiple of 13?
False
Is 182 a multiple of 2?
True
Is 10 a factor of 2387?
False
Is 17 a factor of 10253?
False
Does 17 divide 49184?
False
Is 5 a factor of 145?
True
Does 18 divide 2967?
False
Is 2314 a multiple of 89?
True
Is 6 a factor of 5112?
True
Is 46723 a multiple of 8?
False
Is 6 a factor of 4569?
False
Is 42 a factor of 14070?
True
Does 11 divide 1078?
True
Is 8730 a multiple of 6?
True
Is 74474 a multiple of 17?
False
Is 4272 a multiple of 46?
False
Is 979 a multiple of 89?
True
Does 22 divide 440?
True
Is 2852 a multiple of 124?
True
Is 19458 a multiple of 138?
True
Is 6923 a multiple of 40?
False
Does 11 divide 2571?
False
Does 19 divide 22534?
True
Is 280 a factor of 122080?
True
Is 11 a factor of 469?
False
Does 67 divide 134?
True
Is 15 a factor of 24599?
False
Is 943 a multiple of 41?
True
Does 16 divide 167?
False
Is 16 a factor of 1895?
False
Is 19998 a multiple of 99?
True
Is 849 a multiple of 23?
False
Is 641 a multiple of 8?
False
Is 5 a factor of 6012?
False
Is 268 a factor of 61908?
True
Is 4 a factor of 1476?
True
Does 135 divide 41698?
False
Does 108 divide 2231?
False
Does 48 divide 336?
True
Does 96 divide 66821?
False
Does 3 divide 31?
False
Is 26730 a multiple of 165?
True
Is 31 a factor of 35867?
True
Is 1120 a multiple of 40?
True
Is 33 a factor of 6270?
True
Is 66 a factor of 11331?
False
Is 57 a factor of 228?
True
Is 2710 a multiple of 28?
False
Is 13 a factor of 2713?
False
Is 5050 a multiple of 5?
True
Does 15 divide 450?
True
Is 38 a factor of 1855?
False
Does 528 divide 4224?
True
Does 5 divide 370?
True
Is 34 a factor of 1339?
False
Is 469 a multiple of 12?
False
Is 22484 a multiple of 7?
True
Does 9 divide 926?
False
Does 10 divide 740?
True
Is 33515 a multiple of 34?
False
Does 31 divide 1209?
True
Is 12 a factor of 11928?
True
Does 88 divide 388?
False
Does 11 divide 1012?
True
Does 15 divide 170?
False
Is 93 a factor of 23622?
True
Is 700 a multiple of 166?
False
Is 33 a factor of 9108?
True
Is 137 a factor of 34784?
False
Is 1124 a multiple of 6?
False
Is 14 a factor of 5936?
True
Is 30 a factor of 991?
False
Is 12343 a multiple of 36?
False
Does 48 divide 3456?
True
Is 131 a factor of 23449?
True
Is 158 a fac